 21?
-351301432
In base 14, what is -38 - -24d44?
24d0a
In base 6, what is 222453054352 - -4?
222453054400
In base 9, what is -1871 - 32100?
-34071
In base 6, what is 2153142 - 3012?
2150130
In base 14, what is -61414b - 7?
-614154
In base 5, what is 1440 - -34423313?
34430303
In base 13, what is 0 + 390bb67?
390bb67
In base 16, what is 807a - 492d?
374d
In base 12, what is 20885546 - 1?
20885545
In base 7, what is -2421251 + -2?
-2421253
In base 2, what is 100 - 11101100010010101111101?
-11101100010010101111001
In base 13, what is c83739 + -2?
c83737
In base 10, what is 4 + 23711254?
23711258
In base 12, what is 84643241 + 1?
84643242
In base 16, what is -88b81a + -2?
-88b81c
In base 9, what is 3 + 4041821?
4041824
In base 10, what is 5 - -7325968?
7325973
In base 2, what is 10 + 100111100010001011100100100?
100111100010001011100100110
In base 13, what is -c5a7 + 1c1a?
-a68a
In base 4, what is 1031 + 10102203203?
10102210300
In base 4, what is -113100 - -12011132?
11232032
In base 6, what is 2141 + -1451435?
-1445254
In base 8, what is -1627 - -4633?
3004
In base 4, what is -21120 - -1030232032?
1030210312
In base 2, what is 111010110101100111001 - 0?
111010110101100111001
In base 5, what is 2 - -442214004?
442214011
In base 13, what is 10c4a7a + 3b?
10c4ab8
In base 3, what is -101200 - -102101200?
102000000
In base 13, what is b0c + -15b?
981
In base 11, what is -9154 - -1275?
-798a
In base 5, what is 10 - -103010211114?
103010211124
In base 10, what is 9 + -740859?
-740850
In base 6, what is -3525001 - 24442?
-3553443
In base 10, what is -55513 - 26?
-55539
In base 2, what is -1110110101000000 + -11010001?
-1110111000010001
In base 15, what is -5 + -4e1a4c5?
-4e1a4ca
In base 13, what is 251388 - -252?
25160a
In base 10, what is 69 + -1632630?
-1632561
In base 11, what is -1a80555 + -3?
-1a80558
In base 3, what is 1110121022011111000 + -12?
1110121022011110211
In base 6, what is 12155444 - 124?
12155320
In base 13, what is 2 + 116010?
116012
In base 13, what is -105 - 7ac44?
-7b049
In base 7, what is 334246 - 2055?
332161
In base 15, what is 109 - 2027?
-1e1d
In base 11, what is 469 - 721224?
-720866
In base 8, what is -74142 - 737?
-75101
In base 9, what is 3882851 - 10?
3882841
In base 7, what is 62 - 5102650?
-5102555
In base 14, what is 3 - -45c5a3?
45c5a6
In base 6, what is -200401325 + 0?
-200401325
In base 5, what is 24023324342 - 10?
24023324332
In base 10, what is 9302568 + -7?
9302561
In base 12, what is 1507b041 - 7?
1507b036
In base 2, what is 11 + -110011001111100101001011001?
-110011001111100101001010110
In base 5, what is 33020231403 + -3?
33020231400
In base 4, what is -22331 + 1022331?
1000000
In base 3, what is -122 - 1122212011001?
-1122212011200
In base 10, what is -15156 + 5803?
-9353
In base 12, what is a3a5 - 291?
a114
In base 10, what is -151582 - 3?
-151585
In base 2, what is 100001101111 + 100100111100000?
101001001001111
In base 2, what is -1010100100000101000100000 + 0?
-1010100100000101000100000
In base 9, what is -20787 - 1524?
-22422
In base 15, what is 212b + -62d?
19ed
In base 14, what is 101 + 44371?
44472
In base 6, what is 30113543110 + -3?
30113543103
In base 6, what is -1144 + 14432?
13244
In base 4, what is 10 - 103220031301?
-103220031231
In base 7, what is -1505 + -32312?
-34120
In base 3, what is -10 + 120001211012122021?
120001211012122011
In base 6, what is -1 - -11515325001?
11515325000
In base 9, what is -22 + -3118432?
-3118454
In base 14, what is 98cab9 - -5?
98cac0
In base 11, what is -32a00883a - -5?
-32a008835
In base 6, what is 1214331 - -4504?
1223235
In base 15, what is 128 - 5601?
-54c8
In base 5, what is 4413 + -11342102?
-11332134
In base 14, what is -3 + 38b1d3b?
38b1d38
In base 8, what is -2302577 - 6?
-2302605
In base 16, what is -1c71f - -1e?
-1c701
In base 16, what is -1 + -a8695a?
-a8695b
In base 7, what is 2130253 + -63?
2130160
In base 3, what is -21 - -2120020201200011?
2120020201122220
In base 6, what is 12012305342 - 0?
12012305342
In base 14, what is -3 - 272377b?
-2723780
In base 12, what is -44aa - -488?
-4022
In base 11, what is -4974911 - -1?
-4974910
In base 10, what is 12633 - 11998?
635
In base 14, what is -d0a7 - -26?
-d081
In base 6, what is 241 + 21214034?
21214315
In base 16, what is c571 + -50?
c521
In base 5, what is -3 - -30224003010?
30224003002
In base 15, what is 30 + -1dd39eb?
-1dd39bb
In base 14, what is 7a522 + 1?
7a523
In base 9, what is 2620526 + 10?
2620536
In base 4, what is 31121013031 - 303?
31121012122
In base 5, what is -124 + -10210411?
-10211040
In base 16, what is -448824 + -3?
-448827
In base 11, what is -5 - 1525aa7?
-1526001
In base 9, what is 5 - -12564846?
12564852
In base 13, what is -1115acb4 + 5?
-1115acac
In base 4, what is -2123 + 312011?
303222
In base 3, what is 121220100020 + 110202?
121220210222
In base 12, what is 46a + 2212?
2680
In base 6, what is 551 + -50155?
-45204
In base 11, what is 78274 + 1680?
79944
In base 7, what is 452205301 - -2?
452205303
In base 3, what is -2211121021002022 + -10?
-2211121021002102
In base 14, what is 7d6 + 7c566?
7cd5c
In base 12, what is -17ab40 + 90?
-17aa70
In base 10, what is 2604698 + 17?
2604715
In base 13, what is 28a302 - -4?
28a306
In base 13, what is 2266c - 10?
2265c
In base 7, what is 3532 + -632?
2600
In base 13, what is 1ab75b + 3?
1ab761
In base 15, what is 2285 - 12077?
-ece2
In base 5, what is 23340142140 + 24?
23340142214
In base 14, what is 1 + -11a30bc?
-11a30bb
In base 13, what is 4995 + 3788?
8450
In base 2, what is -101100101100101011111011101 + 10?
-101100101100101011111011011
In base 15, what is -90a96e - 5?
-90a974
In base 15, what is 1504e + -46?
15008
In base 16, what is -ff - -1871b5?
1870b6
In base 4, what is -302203303131 - 0?
-302203303131
In base 15, what is -111ec33d + -1?
-111ec33e
In base 12, what is -2 - -45176b3?
45176b1
In base 14, what is -4383154 - 5?
-4383159
In base 3, what is -2210222110 + 11000?
-2210211110
In base 14, what is 141 + -4a47?
-4906
In base 5, what is -11 - 1111333344?
-1111333410
In base 13, what is 4962a8 + 1?
4962a9
In base 4, what is -1210222 + -20100?
-1230322
In base 12, what is -b035b9 + -10?
-b03609
In base 12, what is 12372 - 66?
12308
In base 6, what is -1100 + -110320?
-111420
In base 16, what is -cea - -12055?
1136b
In base 3, what is 111121121002221 - -2?
111121121010000
In base 8, what is 610521 + 645?
611366
In base 13, what is 34355 - 40?
34315
In base 6, what is -250252 + -5120?
-255412
In base 6, what is 3 + 315545443?
315545450
In base 10, what is -1 + -4955870?
-4955871
In base 13, what is 224 - -7987?
7bab
In base 16, what is 3a6 + 36c2f?
36fd5
In base 3, what is 110 + 10221122010101?
10221122010211
In base 7, what is -3530602 + 30?
-3530542
In base 14, what is -8254aba1 + -1?
-8254aba2
In base 5, what is 132344304 + 1411?
132401220
In base 9, what is 23330582 + 5?
23330587
In base 11, what is 4 + 111924?
111928
In base 15, what is 0 + -1672e8?
-1672e8
In base 6, what is -1 - 41445254?
-41445255
In base 7, what is 3 - -1021442?
1021445
In base 13, what is -17 - -2624b81?
2624b67
In base 14, what is 1443a613 + 4?
1443a617
In base 5, what is -20412311 + -10300?
-20423111
In base 6, what is 20 - -22102405?
22102425
In base 8, what is 4 - -672515771?
672515775
In base 11, what is 42 - -1384033?
1384075
In base 15, what is -5d4d033 + -b?
-5d4d03e
In base 13, what is -598908 - -23?
-5988b5
In base 13, what is -1b7b55898 + 3?
-1b7b55895
In base 12, what is -325 + -4a30?
-5155
In base 16, what is -90 - -1154d?
114bd
In base 3, what is -12 + 20020022201022?
20020022201010
In base 3, what is 11 - -12220222200000?
12220222200011
In base 2, what is -10001 + -100101011001011000110?
-100101011001011010111
In base 12, what is b1a0b8 - 6?
b1a0b2
In base 16, what is -8c - -3c863d?
3c85b1
In base 13, what is 30 - 96983?
-96953
In base 9, what is 82064452 - 5?
82064446
In base 11, what is 7766665 + -15?
7766650
In base 7, what is -1545341 + 16?
-1545322
In base 13, what is -3 + 13ac363?
13ac360
In base 9, what is 31 - -237008?
237040
In base 8, what is 61 + 3405721?
3406002
In base 9, what is -5 + -2750755?
-2750761
In base 6, what is 253 + -44214151?
-44213454
In base 13, what is -263 - 6c780?
-6ca13
In base 4, what is -1212130100